{"id":12227,"date":"2025-01-27T12:09:44","date_gmt":"2025-01-27T17:09:44","guid":{"rendered":"https:\/\/moveup.website\/virtual\/?post_type=product&#038;p=12227"},"modified":"2025-05-19T00:42:22","modified_gmt":"2025-05-19T05:42:22","slug":"curso-notion-online-en-vivo","status":"publish","type":"product","link":"https:\/\/moveup.website\/virtual\/product\/curso-notion-online-en-vivo\/","title":{"rendered":"Curso de Notion Online en Vivo (20h) | Organiza tu Trabajo y Obt\u00e9n Certificaci\u00f3n Digital"},"content":{"rendered":"<div class=\"flex-shrink-0 flex flex-col relative items-end\">\n<div class=\"pt-0\">\n<div class=\"gizmo-bot-avatar flex h-8 w-8 items-center justify-center overflow-hidden rounded-full\">\n<div class=\"relative p-1 rounded-sm flex items-center justify-center bg-token-main-surface-primary text-token-text-primary h-8 w-8\">\n<h3 data-start=\"92\" data-end=\"156\"><strong data-start=\"92\" data-end=\"154\">Optimiza tu productividad con Notion: Curso Online en Vivo<\/strong><\/h3>\n<p data-start=\"158\" data-end=\"362\">\u00bfTe cuesta organizar tus proyectos y tareas? Descubre c\u00f3mo <strong data-start=\"217\" data-end=\"227\">Notion<\/strong> puede ayudarte a gestionar eficientemente tu flujo de trabajo, clientes y documentos en un solo espacio adaptable a tus necesidades.<\/p>\n<p data-start=\"364\" data-end=\"668\">En este curso online en vivo aprender\u00e1s:<br data-start=\"404\" data-end=\"407\" \/>\u2705 Fundamentos de <strong data-start=\"424\" data-end=\"434\">Notion<\/strong> y configuraci\u00f3n de bases de datos.<br data-start=\"469\" data-end=\"472\" \/>\u2705 Creaci\u00f3n de sistemas personalizados para una mejor organizaci\u00f3n.<br data-start=\"538\" data-end=\"541\" \/>\u2705 Automatizaci\u00f3n de tareas y conexi\u00f3n con otras herramientas.<br data-start=\"602\" data-end=\"605\" \/>\u2705 M\u00e9todos de colaboraci\u00f3n en equipo y gesti\u00f3n de informaci\u00f3n.<\/p>\n<p>&nbsp;<\/p>\n<\/div>\n<\/div>\n<\/div>\n<div class=\"pt-0\">\n<div class=\"gizmo-bot-avatar flex h-8 w-8 items-center justify-center overflow-hidden rounded-full\">\n<div class=\"relative p-1 rounded-sm flex items-center justify-center bg-token-main-surface-primary text-token-text-primary h-8 w-8\">\n<p data-start=\"364\" data-end=\"668\"><img fetchpriority=\"high\" decoding=\"async\" class=\"wp-image-12380 aligncenter\" src=\"https:\/\/moveup.website\/virtual\/wp-content\/uploads\/2025\/01\/trabajo-colaborativo-aprende-notion-equipo-300x214.jpg\" alt=\"Equipo de trabajo reunido planificando proyectos en una oficina, con documentos y dispositivos digitales. Ideal para mejorar la organizaci\u00f3n con Notion\" width=\"500\" height=\"357\" srcset=\"https:\/\/moveup.website\/virtual\/wp-content\/uploads\/2025\/01\/trabajo-colaborativo-aprende-notion-equipo-300x214.jpg 300w, https:\/\/moveup.website\/virtual\/wp-content\/uploads\/2025\/01\/trabajo-colaborativo-aprende-notion-equipo-600x428.jpg 600w, https:\/\/moveup.website\/virtual\/wp-content\/uploads\/2025\/01\/trabajo-colaborativo-aprende-notion-equipo.jpg 640w\" sizes=\"(max-width: 500px) 100vw, 500px\" \/><\/p>\n<\/div>\n<div class=\"relative p-1 rounded-sm flex items-center justify-center bg-token-main-surface-primary text-token-text-primary h-8 w-8\">\n<h3 class=\"\" data-start=\"1724\" data-end=\"1758\"><strong data-start=\"1728\" data-end=\"1758\"><br \/>\nCaracter\u00edsticas del Curso:<\/strong><\/h3>\n<p class=\"\" data-start=\"1761\" data-end=\"1820\">\ud83d\udcc5 Modalidad: 100% Online en Vivo con acceso a grabaciones.<\/p>\n<p class=\"\" data-start=\"1823\" data-end=\"1852\">\u23f1 Duraci\u00f3n: 20 horas en vivo.<\/p>\n<p class=\"\" data-start=\"1823\" data-end=\"1852\">\ud83c\udf93 Certificaci\u00f3n digital al finalizar.<\/p>\n<p class=\"\" data-start=\"1823\" data-end=\"1852\">\ud83d\udcb3 Facilidad de pago disponible.<\/p>\n<p class=\"\" data-start=\"1823\" data-end=\"1852\">\ud83d\udd39 Requisito recomendado: Alfabetizaci\u00f3n inform\u00e1tica.<\/p>\n<p class=\"\" data-start=\"1986\" data-end=\"2045\"><strong><em data-start=\"1986\" data-end=\"2045\">\u00a1Asegura tu cupo y aprende a usar Notion como un experto!<\/em><\/strong><\/p>\n<\/div>\n<\/div>\n<\/div>\n<\/div>\n","protected":false},"excerpt":{"rendered":"<p>Domina Notion en 20h de clases online en vivo. Aprende a gestionar tareas, proyectos y equipos de forma eficiente. Incluye certificaci\u00f3n digital y acceso a grabaciones.<\/p>\n","protected":false},"featured_media":12230,"comment_status":"open","ping_status":"closed","template":"","meta":{"inline_featured_image":false,"site-sidebar-layout":"default","site-content-layout":"","ast-site-content-layout":"default","site-content-style":"default","site-sidebar-style":"default","ast-global-header-display":"","ast-banner-title-visibility":"","ast-main-header-display":"","ast-hfb-above-header-display":"","ast-hfb-below-header-display":"","ast-hfb-mobile-header-display":"","site-post-title":"","ast-breadcrumbs-content":"","ast-featured-img":"","footer-sml-layout":"","theme-transparent-header-meta":"default","adv-header-id-meta":"","stick-header-meta":"","header-above-stick-meta":"","header-main-stick-meta":"","header-below-stick-meta":"","astra-migrate-meta-layouts":"set","ast-page-background-enabled":"default","ast-page-background-meta":{"desktop":{"background-color":"var(--ast-global-color-4)","background-image":"","background-repeat":"repeat","background-position":"center center","background-size":"auto","background-attachment":"scroll","background-type":"","background-media":"","overlay-type":"","overlay-color":"","overlay-opacity":"","overlay-gradient":""},"tablet":{"background-color":"","background-image":"","background-repeat":"repeat","background-position":"center center","background-size":"auto","background-attachment":"scroll","background-type":"","background-media":"","overlay-type":"","overlay-color":"","overlay-opacity":"","overlay-gradient":""},"mobile":{"background-color":"","background-image":"","background-repeat":"repeat","background-position":"center center","background-size":"auto","background-attachment":"scroll","background-type":"","background-media":"","overlay-type":"","overlay-color":"","overlay-opacity":"","overlay-gradient":""}},"ast-content-background-meta":{"desktop":{"background-color":"var(--ast-global-color-5)","background-image":"","background-repeat":"repeat","background-position":"center center","background-size":"auto","background-attachment":"scroll","background-type":"","background-media":"","overlay-type":"","overlay-color":"","overlay-opacity":"","overlay-gradient":""},"tablet":{"background-color":"var(--ast-global-color-5)","background-image":"","background-repeat":"repeat","background-position":"center center","background-size":"auto","background-attachment":"scroll","background-type":"","background-media":"","overlay-type":"","overlay-color":"","overlay-opacity":"","overlay-gradient":""},"mobile":{"background-color":"var(--ast-global-color-5)","background-image":"","background-repeat":"repeat","background-position":"center center","background-size":"auto","background-attachment":"scroll","background-type":"","background-media":"","overlay-type":"","overlay-color":"","overlay-opacity":"","overlay-gradient":""}},"_joinchat":[]},"product_cat":[217],"product_tag":[222,221,220,180,197,165],"class_list":{"0":"post-12227","1":"product","2":"type-product","3":"status-publish","4":"has-post-thumbnail","6":"product_cat-productividad-y-herramientas-digitales","7":"product_tag-automatizacion","8":"product_tag-colaboracion","9":"product_tag-organizacion","10":"product_tag-productividad","11":"product_tag-proyectos","12":"product_tag-tecnologia","13":"desktop-align-left","14":"tablet-align-left","15":"mobile-align-left","17":"first","18":"instock","19":"sale","20":"shipping-taxable","21":"purchasable","22":"product-type-variable"},"acf":[],"yoast_head":"<!-- This site is optimized with the Yoast SEO Premium plugin v21.6 (Yoast SEO v22.7) - https:\/\/yoast.com\/wordpress\/plugins\/seo\/ -->\n<title>Curso de Notion Online en Vivo (20h) | mOveUp Learning Hub<\/title>\n<meta name=\"description\" content=\"Aprende Notion con 20h de clases online en vivo. Gestiona tareas, proyectos y obt\u00e9n certificaci\u00f3n digital con mOveUp.\" \/>\n<meta name=\"robots\" content=\"index, follow, max-snippet:-1, max-image-preview:large, max-video-preview:-1\" \/>\n<link rel=\"canonical\" href=\"https:\/\/moveup.website\/virtual\/product\/curso-notion-online-en-vivo\/\" \/>\n<meta property=\"og:locale\" content=\"es_ES\" \/>\n<meta property=\"og:type\" content=\"article\" \/>\n<meta property=\"og:title\" content=\"Curso de Notion Online en Vivo (20h) | Organiza tu Trabajo y Obt\u00e9n Certificaci\u00f3n Digital\" \/>\n<meta property=\"og:description\" content=\"Domina Notion, la herramienta definitiva para centralizar y gestionar todas tus actividades, proyectos y clientes en un solo lugar. Aprende a organizarte de manera eficiente, crear sistemas personalizados, colaborar en tiempo real y optimizar tu flujo de trabajo con esta poderosa plataforma todo en uno.\" \/>\n<meta property=\"og:url\" content=\"https:\/\/moveup.website\/virtual\/product\/curso-notion-online-en-vivo\/\" \/>\n<meta property=\"og:site_name\" content=\"mOveUp Learning Hub\" \/>\n<meta property=\"article:publisher\" content=\"https:\/\/web.facebook.com\/mOveUpLabsPeru\/\" \/>\n<meta property=\"article:modified_time\" content=\"2025-05-19T05:42:22+00:00\" \/>\n<meta property=\"og:image\" content=\"https:\/\/moveup.website\/virtual\/wp-content\/uploads\/2025\/01\/AS053.jpg\" \/>\n\t<meta property=\"og:image:width\" content=\"1280\" \/>\n\t<meta property=\"og:image:height\" content=\"854\" \/>\n\t<meta property=\"og:image:type\" content=\"image\/jpeg\" \/>\n<meta name=\"twitter:card\" content=\"summary_large_image\" \/>\n<meta name=\"twitter:site\" content=\"@mOveUpLabs\" \/>\n<meta name=\"twitter:label1\" content=\"Disponibilidad\" \/>\n\t<meta name=\"twitter:data1\" content=\"Disponible\" \/>\n<script type=\"application\/ld+json\" class=\"yoast-schema-graph\">{\"@context\":\"https:\/\/schema.org\",\"@graph\":[{\"@type\":\"WebPage\",\"@id\":\"https:\/\/moveup.website\/virtual\/product\/curso-notion-online-en-vivo\/\",\"url\":\"https:\/\/moveup.website\/virtual\/product\/curso-notion-online-en-vivo\/\",\"name\":\"Curso de Notion Online en Vivo (20h) | mOveUp Learning Hub\",\"isPartOf\":{\"@id\":\"https:\/\/moveup.website\/virtual\/#website\"},\"primaryImageOfPage\":{\"@id\":\"https:\/\/moveup.website\/virtual\/product\/curso-notion-online-en-vivo\/#primaryimage\"},\"image\":{\"@id\":\"https:\/\/moveup.website\/virtual\/product\/curso-notion-online-en-vivo\/#primaryimage\"},\"thumbnailUrl\":\"https:\/\/moveup.website\/virtual\/wp-content\/uploads\/2025\/01\/AS053.jpg\",\"datePublished\":\"2025-01-27T17:09:44+00:00\",\"dateModified\":\"2025-05-19T05:42:22+00:00\",\"description\":\"Aprende Notion con 20h de clases online en vivo. Gestiona tareas, proyectos y obt\u00e9n certificaci\u00f3n digital con mOveUp.\",\"breadcrumb\":{\"@id\":\"https:\/\/moveup.website\/virtual\/product\/curso-notion-online-en-vivo\/#breadcrumb\"},\"inLanguage\":\"es\",\"potentialAction\":[{\"@type\":\"ReadAction\",\"target\":[\"https:\/\/moveup.website\/virtual\/product\/curso-notion-online-en-vivo\/\"]}]},{\"@type\":\"ImageObject\",\"inLanguage\":\"es\",\"@id\":\"https:\/\/moveup.website\/virtual\/product\/curso-notion-online-en-vivo\/#primaryimage\",\"url\":\"https:\/\/moveup.website\/virtual\/wp-content\/uploads\/2025\/01\/AS053.jpg\",\"contentUrl\":\"https:\/\/moveup.website\/virtual\/wp-content\/uploads\/2025\/01\/AS053.jpg\",\"width\":1280,\"height\":854,\"caption\":\"Curso Online en Vivo de Notion con 20h y certificaci\u00f3n digital en mOveUp Learning Hub\"},{\"@type\":\"BreadcrumbList\",\"@id\":\"https:\/\/moveup.website\/virtual\/product\/curso-notion-online-en-vivo\/#breadcrumb\",\"itemListElement\":[{\"@type\":\"ListItem\",\"position\":1,\"name\":\"Portada\",\"item\":\"https:\/\/moveup.website\/virtual\/\"},{\"@type\":\"ListItem\",\"position\":2,\"name\":\"Shop\",\"item\":\"https:\/\/moveup.website\/virtual\/shop\/\"},{\"@type\":\"ListItem\",\"position\":3,\"name\":\"Curso de Notion Online en Vivo (20h) | Organiza tu Trabajo y Obt\u00e9n Certificaci\u00f3n Digital\"}]},{\"@type\":\"WebSite\",\"@id\":\"https:\/\/moveup.website\/virtual\/#website\",\"url\":\"https:\/\/moveup.website\/virtual\/\",\"name\":\"https:\/\/moveup.website\/virtual\",\"description\":\"soluciones educativas, learning hub\",\"publisher\":{\"@id\":\"https:\/\/moveup.website\/virtual\/#organization\"},\"alternateName\":\"https:\/\/moveup.website\",\"inLanguage\":\"es\"},{\"@type\":\"Organization\",\"@id\":\"https:\/\/moveup.website\/virtual\/#organization\",\"name\":\"mOveUp Labs Learning Hub\",\"url\":\"https:\/\/moveup.website\/virtual\/\",\"logo\":{\"@type\":\"ImageObject\",\"inLanguage\":\"es\",\"@id\":\"https:\/\/moveup.website\/virtual\/#\/schema\/logo\/image\/\",\"url\":\"https:\/\/moveup.website\/virtual\/wp-content\/uploads\/2023\/11\/mOveUp-Labs-Logo-2023.png\",\"contentUrl\":\"https:\/\/moveup.website\/virtual\/wp-content\/uploads\/2023\/11\/mOveUp-Labs-Logo-2023.png\",\"width\":426,\"height\":221,\"caption\":\"mOveUp Labs Learning Hub\"},\"image\":{\"@id\":\"https:\/\/moveup.website\/virtual\/#\/schema\/logo\/image\/\"},\"sameAs\":[\"https:\/\/web.facebook.com\/mOveUpLabsPeru\/\",\"https:\/\/x.com\/mOveUpLabs\"]}]}<\/script>\n<meta property=\"og:availability\" content=\"instock\" \/>\n<meta property=\"product:availability\" content=\"instock\" \/>\n<meta property=\"product:condition\" content=\"new\" \/>\n<!-- \/ Yoast SEO Premium plugin. -->","yoast_head_json":{"title":"Curso de Notion Online en Vivo (20h) | mOveUp Learning Hub","description":"Aprende Notion con 20h de clases online en vivo. Gestiona tareas, proyectos y obt\u00e9n certificaci\u00f3n digital con mOveUp.","robots":{"index":"index","follow":"follow","max-snippet":"max-snippet:-1","max-image-preview":"max-image-preview:large","max-video-preview":"max-video-preview:-1"},"canonical":"https:\/\/moveup.website\/virtual\/product\/curso-notion-online-en-vivo\/","og_locale":"es_ES","og_type":"article","og_title":"Curso de Notion Online en Vivo (20h) | Organiza tu Trabajo y Obt\u00e9n Certificaci\u00f3n Digital","og_description":"Domina Notion, la herramienta definitiva para centralizar y gestionar todas tus actividades, proyectos y clientes en un solo lugar. Aprende a organizarte de manera eficiente, crear sistemas personalizados, colaborar en tiempo real y optimizar tu flujo de trabajo con esta poderosa plataforma todo en uno.","og_url":"https:\/\/moveup.website\/virtual\/product\/curso-notion-online-en-vivo\/","og_site_name":"mOveUp Learning Hub","article_publisher":"https:\/\/web.facebook.com\/mOveUpLabsPeru\/","article_modified_time":"2025-05-19T05:42:22+00:00","og_image":[{"width":1280,"height":854,"url":"https:\/\/moveup.website\/virtual\/wp-content\/uploads\/2025\/01\/AS053.jpg","type":"image\/jpeg"}],"twitter_card":"summary_large_image","twitter_site":"@mOveUpLabs","twitter_misc":{"Disponibilidad":"Disponible"},"schema":{"@context":"https:\/\/schema.org","@graph":[{"@type":"WebPage","@id":"https:\/\/moveup.website\/virtual\/product\/curso-notion-online-en-vivo\/","url":"https:\/\/moveup.website\/virtual\/product\/curso-notion-online-en-vivo\/","name":"Curso de Notion Online en Vivo (20h) | mOveUp Learning Hub","isPartOf":{"@id":"https:\/\/moveup.website\/virtual\/#website"},"primaryImageOfPage":{"@id":"https:\/\/moveup.website\/virtual\/product\/curso-notion-online-en-vivo\/#primaryimage"},"image":{"@id":"https:\/\/moveup.website\/virtual\/product\/curso-notion-online-en-vivo\/#primaryimage"},"thumbnailUrl":"https:\/\/moveup.website\/virtual\/wp-content\/uploads\/2025\/01\/AS053.jpg","datePublished":"2025-01-27T17:09:44+00:00","dateModified":"2025-05-19T05:42:22+00:00","description":"Aprende Notion con 20h de clases online en vivo. Gestiona tareas, proyectos y obt\u00e9n certificaci\u00f3n digital con mOveUp.","breadcrumb":{"@id":"https:\/\/moveup.website\/virtual\/product\/curso-notion-online-en-vivo\/#breadcrumb"},"inLanguage":"es","potentialAction":[{"@type":"ReadAction","target":["https:\/\/moveup.website\/virtual\/product\/curso-notion-online-en-vivo\/"]}]},{"@type":"ImageObject","inLanguage":"es","@id":"https:\/\/moveup.website\/virtual\/product\/curso-notion-online-en-vivo\/#primaryimage","url":"https:\/\/moveup.website\/virtual\/wp-content\/uploads\/2025\/01\/AS053.jpg","contentUrl":"https:\/\/moveup.website\/virtual\/wp-content\/uploads\/2025\/01\/AS053.jpg","width":1280,"height":854,"caption":"Curso Online en Vivo de Notion con 20h y certificaci\u00f3n digital en mOveUp Learning Hub"},{"@type":"BreadcrumbList","@id":"https:\/\/moveup.website\/virtual\/product\/curso-notion-online-en-vivo\/#breadcrumb","itemListElement":[{"@type":"ListItem","position":1,"name":"Portada","item":"https:\/\/moveup.website\/virtual\/"},{"@type":"ListItem","position":2,"name":"Shop","item":"https:\/\/moveup.website\/virtual\/shop\/"},{"@type":"ListItem","position":3,"name":"Curso de Notion Online en Vivo (20h) | Organiza tu Trabajo y Obt\u00e9n Certificaci\u00f3n Digital"}]},{"@type":"WebSite","@id":"https:\/\/moveup.website\/virtual\/#website","url":"https:\/\/moveup.website\/virtual\/","name":"https:\/\/moveup.website\/virtual","description":"soluciones educativas, learning hub","publisher":{"@id":"https:\/\/moveup.website\/virtual\/#organization"},"alternateName":"https:\/\/moveup.website","inLanguage":"es"},{"@type":"Organization","@id":"https:\/\/moveup.website\/virtual\/#organization","name":"mOveUp Labs Learning Hub","url":"https:\/\/moveup.website\/virtual\/","logo":{"@type":"ImageObject","inLanguage":"es","@id":"https:\/\/moveup.website\/virtual\/#\/schema\/logo\/image\/","url":"https:\/\/moveup.website\/virtual\/wp-content\/uploads\/2023\/11\/mOveUp-Labs-Logo-2023.png","contentUrl":"https:\/\/moveup.website\/virtual\/wp-content\/uploads\/2023\/11\/mOveUp-Labs-Logo-2023.png","width":426,"height":221,"caption":"mOveUp Labs Learning Hub"},"image":{"@id":"https:\/\/moveup.website\/virtual\/#\/schema\/logo\/image\/"},"sameAs":["https:\/\/web.facebook.com\/mOveUpLabsPeru\/","https:\/\/x.com\/mOveUpLabs"]}]},"og_availability":"instock","product_availability":"instock","product_condition":"new"},"_links":{"self":[{"href":"https:\/\/moveup.website\/virtual\/wp-json\/wp\/v2\/product\/12227","targetHints":{"allow":["GET"]}}],"collection":[{"href":"https:\/\/moveup.website\/virtual\/wp-json\/wp\/v2\/product"}],"about":[{"href":"https:\/\/moveup.website\/virtual\/wp-json\/wp\/v2\/types\/product"}],"replies":[{"embeddable":true,"href":"https:\/\/moveup.website\/virtual\/wp-json\/wp\/v2\/comments?post=12227"}],"wp:featuredmedia":[{"embeddable":true,"href":"https:\/\/moveup.website\/virtual\/wp-json\/wp\/v2\/media\/12230"}],"wp:attachment":[{"href":"https:\/\/moveup.website\/virtual\/wp-json\/wp\/v2\/media?parent=12227"}],"wp:term":[{"taxonomy":"product_cat","embeddable":true,"href":"https:\/\/moveup.website\/virtual\/wp-json\/wp\/v2\/product_cat?post=12227"},{"taxonomy":"product_tag","embeddable":true,"href":"https:\/\/moveup.website\/virtual\/wp-json\/wp\/v2\/product_tag?post=12227"}],"curies":[{"name":"wp","href":"https:\/\/api.w.org\/{rel}","templated":true}]}}