{"id":12,"date":"2018-01-15T21:04:53","date_gmt":"2018-01-15T21:04:53","guid":{"rendered":"https:\/\/moveup.website\/web\/?page_id=12"},"modified":"2022-09-12T22:31:51","modified_gmt":"2022-09-13T03:31:51","slug":"soluciones-colaborativas","status":"publish","type":"page","link":"https:\/\/moveup.website\/web\/soluciones-colaborativas\/","title":{"rendered":"Soluciones Colaborativas y TeleWorking"},"content":{"rendered":"\t\t<div data-elementor-type=\"wp-page\" data-elementor-id=\"12\" class=\"elementor elementor-12\" data-elementor-post-type=\"page\">\n\t\t\t\t\t\t<section class=\"elementor-section elementor-top-section elementor-element elementor-element-12491ef9 elementor-section-boxed elementor-section-height-default elementor-section-height-default\" data-id=\"12491ef9\" data-element_type=\"section\" data-settings=\"{&quot;background_background&quot;:&quot;classic&quot;}\">\n\t\t\t\t\t\t<div class=\"elementor-container elementor-column-gap-default\">\n\t\t\t\t\t<div class=\"elementor-column elementor-col-100 elementor-top-column elementor-element elementor-element-79ca294c\" data-id=\"79ca294c\" data-element_type=\"column\" data-settings=\"{&quot;background_background&quot;:&quot;classic&quot;}\">\n\t\t\t<div class=\"elementor-widget-wrap elementor-element-populated\">\n\t\t\t\t\t\t<section class=\"elementor-section elementor-inner-section elementor-element elementor-element-e7f305a elementor-section-boxed elementor-section-height-default elementor-section-height-default\" data-id=\"e7f305a\" data-element_type=\"section\" data-settings=\"{&quot;background_background&quot;:&quot;classic&quot;}\">\n\t\t\t\t\t\t\t<div class=\"elementor-background-overlay\"><\/div>\n\t\t\t\t\t\t\t<div class=\"elementor-container elementor-column-gap-default\">\n\t\t\t\t\t<div class=\"elementor-column elementor-col-50 elementor-inner-column elementor-element elementor-element-79dcdc7\" data-id=\"79dcdc7\" data-element_type=\"column\">\n\t\t\t<div class=\"elementor-widget-wrap elementor-element-populated\">\n\t\t\t\t\t\t<div class=\"elementor-element elementor-element-4855235 elementor-widget elementor-widget-heading\" data-id=\"4855235\" data-element_type=\"widget\" data-widget_type=\"heading.default\">\n\t\t\t\t<div class=\"elementor-widget-container\">\n\t\t\t\t\t<h1 class=\"elementor-heading-title elementor-size-default\">Estrategias de teletrabajo que benefician a empleadores, empleados y sociedad aprovechando la flexibilidad de tiempos, horarios y distancia<\/h1>\t\t\t\t<\/div>\n\t\t\t\t<\/div>\n\t\t\t\t<div class=\"elementor-element elementor-element-5450be7 elementor-hidden-mobile elementor-widget-divider--separator-type-pattern elementor-widget-divider--no-spacing elementor-widget-divider--view-line elementor-widget elementor-widget-divider\" data-id=\"5450be7\" data-element_type=\"widget\" data-widget_type=\"divider.default\">\n\t\t\t\t<div class=\"elementor-widget-container\">\n\t\t\t\t\t\t\t<div class=\"elementor-divider\" style=\"--divider-pattern-url: url(&quot;data:image\/svg+xml,%3Csvg xmlns=&#039;http:\/\/www.w3.org\/2000\/svg&#039; preserveAspectRatio=&#039;xMidYMid meet&#039; overflow=&#039;visible&#039; height=&#039;100%&#039; viewBox=&#039;0 0 126 26&#039; fill=&#039;black&#039; stroke=&#039;none&#039;%3E%3Cpath d=&#039;M3,10.2c2.6,0,2.6,2,2.6,3.2S4.4,16.5,3,16.5s-3-1.4-3-3.2S0.4,10.2,3,10.2z M18.8,10.2c1.7,0,3.2,1.4,3.2,3.2s-1.4,3.2-3.2,3.2c-1.7,0-3.2-1.4-3.2-3.2S17,10.2,18.8,10.2z M34.6,10.2c1.5,0,2.6,1.4,2.6,3.2s-0.5,3.2-1.9,3.2c-1.5,0-3.4-1.4-3.4-3.2S33.1,10.2,34.6,10.2z M50.5,10.2c1.7,0,3.2,1.4,3.2,3.2s-1.4,3.2-3.2,3.2c-1.7,0-3.3-0.9-3.3-2.6S48.7,10.2,50.5,10.2z M66.2,10.2c1.5,0,3.4,1.4,3.4,3.2s-1.9,3.2-3.4,3.2c-1.5,0-2.6-0.4-2.6-2.1S64.8,10.2,66.2,10.2z M82.2,10.2c1.7,0.8,2.6,1.4,2.6,3.2s-0.1,3.2-1.6,3.2c-1.5,0-3.7-1.4-3.7-3.2S80.5,9.4,82.2,10.2zM98.6,10.2c1.5,0,2.6,0.4,2.6,2.1s-1.2,4.2-2.6,4.2c-1.5,0-3.7-0.4-3.7-2.1S97.1,10.2,98.6,10.2z M113.4,10.2c1.2,0,2.2,0.9,2.2,3.2s-0.1,3.2-1.3,3.2s-3.1-1.4-3.1-3.2S112.2,10.2,113.4,10.2z&#039;\/%3E%3C\/svg%3E&quot;);\">\n\t\t\t<span class=\"elementor-divider-separator\">\n\t\t\t\t\t\t<\/span>\n\t\t<\/div>\n\t\t\t\t\t\t<\/div>\n\t\t\t\t<\/div>\n\t\t\t\t\t<\/div>\n\t\t<\/div>\n\t\t\t\t<div class=\"elementor-column elementor-col-50 elementor-inner-column elementor-element elementor-element-11989ca\" data-id=\"11989ca\" data-element_type=\"column\">\n\t\t\t<div class=\"elementor-widget-wrap elementor-element-populated\">\n\t\t\t\t\t\t<div class=\"elementor-element elementor-element-77a06aa e-transform elementor-widget elementor-widget-image\" data-id=\"77a06aa\" data-element_type=\"widget\" data-settings=\"{&quot;_transform_translateX_effect&quot;:{&quot;unit&quot;:&quot;px&quot;,&quot;size&quot;:&quot;&quot;,&quot;sizes&quot;:[]},&quot;_transform_translateX_effect_tablet&quot;:{&quot;unit&quot;:&quot;px&quot;,&quot;size&quot;:&quot;&quot;,&quot;sizes&quot;:[]},&quot;_transform_translateX_effect_mobile&quot;:{&quot;unit&quot;:&quot;px&quot;,&quot;size&quot;:&quot;&quot;,&quot;sizes&quot;:[]},&quot;_transform_translateY_effect&quot;:{&quot;unit&quot;:&quot;px&quot;,&quot;size&quot;:&quot;&quot;,&quot;sizes&quot;:[]},&quot;_transform_translateY_effect_tablet&quot;:{&quot;unit&quot;:&quot;px&quot;,&quot;size&quot;:&quot;&quot;,&quot;sizes&quot;:[]},&quot;_transform_translateY_effect_mobile&quot;:{&quot;unit&quot;:&quot;px&quot;,&quot;size&quot;:&quot;&quot;,&quot;sizes&quot;:[]}}\" data-widget_type=\"image.default\">\n\t\t\t\t<div class=\"elementor-widget-container\">\n\t\t\t\t\t\t\t\t\t\t\t\t\t\t\t<img fetchpriority=\"high\" decoding=\"async\" width=\"682\" height=\"1024\" src=\"https:\/\/moveup.website\/web\/wp-content\/uploads\/2022\/09\/TeleTrabajoOKPNG-682x1024.png\" class=\"attachment-large size-large wp-image-1301\" alt=\"\" srcset=\"https:\/\/moveup.website\/web\/wp-content\/uploads\/2022\/09\/TeleTrabajoOKPNG-682x1024.png 682w, https:\/\/moveup.website\/web\/wp-content\/uploads\/2022\/09\/TeleTrabajoOKPNG-200x300.png 200w, https:\/\/moveup.website\/web\/wp-content\/uploads\/2022\/09\/TeleTrabajoOKPNG.png 700w\" sizes=\"(max-width: 682px) 100vw, 682px\" \/>\t\t\t\t\t\t\t\t\t\t\t\t\t\t\t<\/div>\n\t\t\t\t<\/div>\n\t\t\t\t\t<\/div>\n\t\t<\/div>\n\t\t\t\t\t<\/div>\n\t\t<\/section>\n\t\t\t\t<section class=\"elementor-section elementor-inner-section elementor-element elementor-element-f4adc82 elementor-section-boxed elementor-section-height-default elementor-section-height-default\" data-id=\"f4adc82\" data-element_type=\"section\" data-settings=\"{&quot;background_background&quot;:&quot;classic&quot;}\">\n\t\t\t\t\t\t\t<div class=\"elementor-background-overlay\"><\/div>\n\t\t\t\t\t\t\t<div class=\"elementor-container elementor-column-gap-default\">\n\t\t\t\t\t<div class=\"elementor-column elementor-col-100 elementor-inner-column elementor-element elementor-element-6176440\" data-id=\"6176440\" data-element_type=\"column\">\n\t\t\t<div class=\"elementor-widget-wrap elementor-element-populated\">\n\t\t\t\t\t\t<div class=\"elementor-element elementor-element-d7188b1 elementor-widget elementor-widget-heading\" data-id=\"d7188b1\" data-element_type=\"widget\" data-widget_type=\"heading.default\">\n\t\t\t\t<div class=\"elementor-widget-container\">\n\t\t\t\t\t<h2 class=\"elementor-heading-title elementor-size-default\">Soluciones colaborativas<\/h2>\t\t\t\t<\/div>\n\t\t\t\t<\/div>\n\t\t\t\t\t<\/div>\n\t\t<\/div>\n\t\t\t\t\t<\/div>\n\t\t<\/section>\n\t\t\t\t<section class=\"elementor-section elementor-inner-section elementor-element elementor-element-01471ce elementor-section-boxed elementor-section-height-default elementor-section-height-default\" data-id=\"01471ce\" data-element_type=\"section\" data-settings=\"{&quot;background_background&quot;:&quot;classic&quot;}\">\n\t\t\t\t\t\t\t<div class=\"elementor-background-overlay\"><\/div>\n\t\t\t\t\t\t\t<div class=\"elementor-container elementor-column-gap-default\">\n\t\t\t\t\t<div class=\"elementor-column elementor-col-100 elementor-inner-column elementor-element elementor-element-baf87c6\" data-id=\"baf87c6\" data-element_type=\"column\">\n\t\t\t<div class=\"elementor-widget-wrap elementor-element-populated\">\n\t\t\t\t\t\t<div class=\"elementor-element elementor-element-8960fea elementor-widget elementor-widget-text-editor\" data-id=\"8960fea\" data-element_type=\"widget\" data-widget_type=\"text-editor.default\">\n\t\t\t\t<div class=\"elementor-widget-container\">\n\t\t\t\t\t\t\t\t\t<p>Puede continuar gastando en costosas oficinas y espacios de estacionamiento, pagar m\u00e1s para retener al personal valioso y perder ganancias de productividad de hasta un 40% o puede hacer que el trabajo colaborativo y teletrabajo sea una opci\u00f3n de trabajo v\u00e1lida y normal para sus colaboradores.<\/p>\t\t\t\t\t\t\t\t<\/div>\n\t\t\t\t<\/div>\n\t\t\t\t<div class=\"elementor-element elementor-element-96725a0 elementor-widget elementor-widget-text-editor\" data-id=\"96725a0\" data-element_type=\"widget\" data-widget_type=\"text-editor.default\">\n\t\t\t\t<div class=\"elementor-widget-container\">\n\t\t\t\t\t\t\t\t\t<h3>Productividad:<\/h3><p>Estudios confirman que se puede incrementar la productividad entre un 8% y un 40%. Los teletrabajadores hacen m\u00e1s y mejor.<\/p><h3>Ahorro de espacio:<\/h3><p>La cantidad de espacio que ahorre depender\u00e1 de muchas cosas, pero se ha informado de ahorros de hasta el 80% como resultado directo del teletrabajo. Incluso un 10% de ahorro en espacio podr\u00eda ser la diferencia entre p\u00e9rdidas y ganancias.<\/p><h3>Absentismo:<\/h3><p>El teletrabajo puede reducir el ausentismo hasta en un 80%.<\/p><h3>Ahorro en mantenimiento:<\/h3><p>La calefacci\u00f3n, el aire acondicionado, los estacionamientos, la iluminaci\u00f3n: todos estos costos, y m\u00e1s, disminuir\u00e1n a medida que el personal migre al teletrabajo.<\/p><h3>Reclutamiento y retenci\u00f3n:<\/h3><p>Ser capaz de ofrecer flexibilidad puede reducir la rotaci\u00f3n de personal hasta en un 20%. Dado que el reemplazo del personal cuesta un 75% del salario o m\u00e1s, este es un ahorro significativo, incluso antes de que se consideren los costos de capacitaci\u00f3n y retenci\u00f3n.<\/p><h3>Ahorro de tiempo:<\/h3><p>Si no tuviera que viajar todos los d\u00edas, \u00bfusar\u00eda el tiempo que ahorr\u00f3 para m\u00e1s trabajo? \u00bfM\u00e1s tiempo en familia? \u00bfMas descanso y menos stress en el tr\u00e1fico?<\/p><h3>Ahorro para colaboradores:<\/h3><p>Combustible para el veh\u00edculo y mantenimiento, ropa de trabajo, tener que comer afuera porque no tuvo tiempo de cocinar una comida adecuada y todos los otros costos del trabajo tradicional, podr\u00eda ahorrar mucho dinero al teletrabajar.<\/p>\t\t\t\t\t\t\t\t<\/div>\n\t\t\t\t<\/div>\n\t\t\t\t<div class=\"elementor-element elementor-element-70f56f7 elementor-widget elementor-widget-text-editor\" data-id=\"70f56f7\" data-element_type=\"widget\" data-widget_type=\"text-editor.default\">\n\t\t\t\t<div class=\"elementor-widget-container\">\n\t\t\t\t\t\t\t\t\t<p>Contact\u00e9monos adaptar tu empresa a la nueva normalidad con soluciones Microsoft y G Suite de Google<\/p>\t\t\t\t\t\t\t\t<\/div>\n\t\t\t\t<\/div>\n\t\t\t\t<div class=\"elementor-element elementor-element-6a7bdd7 elementor-button-align-stretch elementor-widget elementor-widget-form\" data-id=\"6a7bdd7\" data-element_type=\"widget\" data-settings=\"{&quot;step_next_label&quot;:&quot;Next&quot;,&quot;step_previous_label&quot;:&quot;Previous&quot;,&quot;button_width&quot;:&quot;100&quot;,&quot;step_type&quot;:&quot;number_text&quot;,&quot;step_icon_shape&quot;:&quot;circle&quot;}\" data-widget_type=\"form.default\">\n\t\t\t\t<div class=\"elementor-widget-container\">\n\t\t\t\t\t\t\t<form class=\"elementor-form\" method=\"post\" name=\"Contacto Soluciones Colaborativas\">\n\t\t\t<input type=\"hidden\" name=\"post_id\" value=\"12\"\/>\n\t\t\t<input type=\"hidden\" name=\"form_id\" value=\"6a7bdd7\"\/>\n\t\t\t<input type=\"hidden\" name=\"referer_title\" value=\"mOveUp Labs\" \/>\n\n\t\t\t\n\t\t\t<div class=\"elementor-form-fields-wrapper elementor-labels-\">\n\t\t\t\t\t\t\t\t<div class=\"elementor-field-type-text elementor-field-group elementor-column elementor-field-group-name elementor-col-100 elementor-field-required\">\n\t\t\t\t\t\t\t\t\t\t\t\t\t<input size=\"1\" type=\"text\" name=\"form_fields[name]\" id=\"form-field-name\" class=\"elementor-field elementor-size-md  elementor-field-textual\" placeholder=\"Nombre y apellidos\" required=\"required\" aria-required=\"true\">\n\t\t\t\t\t\t\t\t\t\t\t<\/div>\n\t\t\t\t\t\t\t\t<div class=\"elementor-field-type-email elementor-field-group elementor-column elementor-field-group-email elementor-col-100 elementor-field-required\">\n\t\t\t\t\t\t\t\t\t\t\t\t\t<input size=\"1\" type=\"email\" name=\"form_fields[email]\" id=\"form-field-email\" class=\"elementor-field elementor-size-md  elementor-field-textual\" placeholder=\"Email\" required=\"required\" aria-required=\"true\">\n\t\t\t\t\t\t\t\t\t\t\t<\/div>\n\t\t\t\t\t\t\t\t<div class=\"elementor-field-type-number elementor-field-group elementor-column elementor-field-group-field_064f223 elementor-col-100 elementor-field-required\">\n\t\t\t\t\t\t\t\t<input type=\"number\" name=\"form_fields[field_064f223]\" id=\"form-field-field_064f223\" class=\"elementor-field elementor-size-md  elementor-field-textual\" placeholder=\"Celular \" required=\"required\" aria-required=\"true\" min=\"\" max=\"\" >\n\t\t\t\t\t\t<\/div>\n\t\t\t\t\t\t\t\t<div class=\"elementor-field-type-textarea elementor-field-group elementor-column elementor-field-group-message elementor-col-100 elementor-field-required\">\n\t\t\t\t\t\t\t\t\t\t\t\t<label for=\"form-field-message\" class=\"elementor-field-label elementor-screen-only\">\n\t\t\t\t\t\t\t\tMessage\t\t\t\t\t\t\t<\/label>\n\t\t\t\t\t\t<textarea class=\"elementor-field-textual elementor-field  elementor-size-md\" name=\"form_fields[message]\" id=\"form-field-message\" rows=\"4\" placeholder=\"Cu\u00e9ntanos un poco sobre la situaci\u00f3n actual\" required=\"required\" aria-required=\"true\"><\/textarea>\t\t\t\t<\/div>\n\t\t\t\t\t\t\t\t<div class=\"elementor-field-type-recaptcha_v3 elementor-field-group elementor-column elementor-field-group-field_314419e elementor-col-100 recaptcha_v3-inline\">\n\t\t\t\t\t<div class=\"elementor-field\" id=\"form-field-field_314419e\"><div class=\"elementor-g-recaptcha\" data-sitekey=\"6LfvWushAAAAAIWy0WGTw43e2HVKKO96TPGRZFse\" data-type=\"v3\" data-action=\"Form\" data-badge=\"inline\" data-size=\"invisible\"><\/div><\/div>\t\t\t\t<\/div>\n\t\t\t\t\t\t\t\t<div class=\"elementor-field-group elementor-column elementor-field-type-submit elementor-col-100 e-form__buttons\">\n\t\t\t\t\t<button class=\"elementor-button elementor-size-md\" type=\"submit\">\n\t\t\t\t\t\t<span class=\"elementor-button-content-wrapper\">\n\t\t\t\t\t\t\t\t\t\t\t\t\t\t\t\t\t\t\t\t\t\t<span class=\"elementor-button-text\">Solicitar contacto<\/span>\n\t\t\t\t\t\t\t\t\t\t\t\t\t<\/span>\n\t\t\t\t\t<\/button>\n\t\t\t\t<\/div>\n\t\t\t<\/div>\n\t\t<\/form>\n\t\t\t\t\t\t<\/div>\n\t\t\t\t<\/div>\n\t\t\t\t\t<\/div>\n\t\t<\/div>\n\t\t\t\t\t<\/div>\n\t\t<\/section>\n\t\t\t\t\t<\/div>\n\t\t<\/div>\n\t\t\t\t\t<\/div>\n\t\t<\/section>\n\t\t\t\t<\/div>\n\t\t<!-- AddThis Advanced Settings generic via filter on the_content --><!-- AddThis Share Buttons generic via filter on the_content -->","protected":false},"excerpt":{"rendered":"<p>Estrategias de teletrabajo que benefician a empleadores, empleados y sociedad aprovechando la flexibilidad de tiempos, horarios y distancia Soluciones colaborativas Puede continuar gastando en costosas oficinas y espacios de estacionamiento, pagar m\u00e1s para retener al personal valioso y perder ganancias de productividad de hasta un 40% o puede hacer que el trabajo colaborativo y teletrabajo&hellip;<\/p>\n<p class=\"more-link\"><a href=\"https:\/\/moveup.website\/web\/soluciones-colaborativas\/\" class=\"themebutton2\">Read More<\/a><\/p>\n<p><!-- AddThis Advanced Settings generic via filter on get_the_excerpt --><!-- AddThis Share Buttons generic via filter on get_the_excerpt --><\/p>\n","protected":false},"author":1,"featured_media":0,"parent":0,"menu_order":0,"comment_status":"closed","ping_status":"closed","template":"","meta":{"footnotes":""},"yoast_head":"<!-- This site is optimized with the Yoast SEO Premium plugin v22.2 (Yoast SEO v22.7) - https:\/\/yoast.com\/wordpress\/plugins\/seo\/ -->\n<title>Soluciones Colaborativas y TeleWorking - mOveUp Labs<\/title>\n<meta name=\"robots\" content=\"index, follow, max-snippet:-1, max-image-preview:large, max-video-preview:-1\" \/>\n<link rel=\"canonical\" href=\"https:\/\/moveup.website\/web\/soluciones-colaborativas\/\" \/>\n<meta property=\"og:locale\" content=\"es_ES\" \/>\n<meta property=\"og:type\" content=\"article\" \/>\n<meta property=\"og:title\" content=\"Soluciones Colaborativas y TeleWorking\" \/>\n<meta property=\"og:description\" content=\"Estrategias de teletrabajo que benefician a empleadores, empleados y sociedad aprovechando la flexibilidad de tiempos, horarios y distancia Soluciones colaborativas Puede continuar gastando en costosas oficinas y espacios de estacionamiento, pagar m\u00e1s para retener al personal valioso y perder ganancias de productividad de hasta un 40% o puede hacer que el trabajo colaborativo y teletrabajo&hellip;Read More\" \/>\n<meta property=\"og:url\" content=\"https:\/\/moveup.website\/web\/soluciones-colaborativas\/\" \/>\n<meta property=\"og:site_name\" content=\"mOveUp Labs\" \/>\n<meta property=\"article:publisher\" content=\"https:\/\/www.facebook.com\/mOveUpLabsPeru\" \/>\n<meta property=\"article:modified_time\" content=\"2022-09-13T03:31:51+00:00\" \/>\n<meta property=\"og:image\" content=\"https:\/\/moveup.website\/web\/wp-content\/uploads\/2022\/09\/TeleTrabajoOKPNG-682x1024.png\" \/>\n<meta name=\"twitter:card\" content=\"summary_large_image\" \/>\n<meta name=\"twitter:site\" content=\"@mOveUpLabs\" \/>\n<meta name=\"twitter:label1\" content=\"Est. reading time\" \/>\n\t<meta name=\"twitter:data1\" content=\"2 minutos\" \/>\n<script type=\"application\/ld+json\" class=\"yoast-schema-graph\">{\"@context\":\"https:\/\/schema.org\",\"@graph\":[{\"@type\":\"WebPage\",\"@id\":\"https:\/\/moveup.website\/web\/soluciones-colaborativas\/\",\"url\":\"https:\/\/moveup.website\/web\/soluciones-colaborativas\/\",\"name\":\"Soluciones Colaborativas y TeleWorking - mOveUp Labs\",\"isPartOf\":{\"@id\":\"https:\/\/moveup.website\/web\/#website\"},\"primaryImageOfPage\":{\"@id\":\"https:\/\/moveup.website\/web\/soluciones-colaborativas\/#primaryimage\"},\"image\":{\"@id\":\"https:\/\/moveup.website\/web\/soluciones-colaborativas\/#primaryimage\"},\"thumbnailUrl\":\"https:\/\/moveup.website\/web\/wp-content\/uploads\/2022\/09\/TeleTrabajoOKPNG-682x1024.png\",\"datePublished\":\"2018-01-15T21:04:53+00:00\",\"dateModified\":\"2022-09-13T03:31:51+00:00\",\"breadcrumb\":{\"@id\":\"https:\/\/moveup.website\/web\/soluciones-colaborativas\/#breadcrumb\"},\"inLanguage\":\"es\",\"potentialAction\":[{\"@type\":\"ReadAction\",\"target\":[\"https:\/\/moveup.website\/web\/soluciones-colaborativas\/\"]}]},{\"@type\":\"ImageObject\",\"inLanguage\":\"es\",\"@id\":\"https:\/\/moveup.website\/web\/soluciones-colaborativas\/#primaryimage\",\"url\":\"https:\/\/moveup.website\/web\/wp-content\/uploads\/2022\/09\/TeleTrabajoOKPNG.png\",\"contentUrl\":\"https:\/\/moveup.website\/web\/wp-content\/uploads\/2022\/09\/TeleTrabajoOKPNG.png\",\"width\":700,\"height\":1051},{\"@type\":\"BreadcrumbList\",\"@id\":\"https:\/\/moveup.website\/web\/soluciones-colaborativas\/#breadcrumb\",\"itemListElement\":[{\"@type\":\"ListItem\",\"position\":1,\"name\":\"Portada\",\"item\":\"https:\/\/moveup.website\/web\/\"},{\"@type\":\"ListItem\",\"position\":2,\"name\":\"Soluciones Colaborativas y TeleWorking\"}]},{\"@type\":\"WebSite\",\"@id\":\"https:\/\/moveup.website\/web\/#website\",\"url\":\"https:\/\/moveup.website\/web\/\",\"name\":\"mOveUp Labs Learning Hub\",\"description\":\"Transforma los modelos empresariales, operativos y tecnol\u00f3gicos de nuestros socios y clientes para la era digital\",\"publisher\":{\"@id\":\"https:\/\/moveup.website\/web\/#organization\"},\"potentialAction\":[{\"@type\":\"SearchAction\",\"target\":{\"@type\":\"EntryPoint\",\"urlTemplate\":\"https:\/\/moveup.website\/web\/?s={search_term_string}\"},\"query-input\":\"required name=search_term_string\"}],\"inLanguage\":\"es\"},{\"@type\":\"Organization\",\"@id\":\"https:\/\/moveup.website\/web\/#organization\",\"name\":\"mOveUp Labs Learning Hub\",\"url\":\"https:\/\/moveup.website\/web\/\",\"logo\":{\"@type\":\"ImageObject\",\"inLanguage\":\"es\",\"@id\":\"https:\/\/moveup.website\/web\/#\/schema\/logo\/image\/\",\"url\":\"https:\/\/moveup.website\/web\/wp-content\/uploads\/2018\/01\/logo-mOveUp.png\",\"contentUrl\":\"https:\/\/moveup.website\/web\/wp-content\/uploads\/2018\/01\/logo-mOveUp.png\",\"width\":235,\"height\":120,\"caption\":\"mOveUp Labs Learning Hub\"},\"image\":{\"@id\":\"https:\/\/moveup.website\/web\/#\/schema\/logo\/image\/\"},\"sameAs\":[\"https:\/\/www.facebook.com\/mOveUpLabsPeru\",\"https:\/\/x.com\/mOveUpLabs\",\"https:\/\/www.tiktok.com\/@moveup.labs\"]}]}<\/script>\n<!-- \/ Yoast SEO Premium plugin. -->","yoast_head_json":{"title":"Soluciones Colaborativas y TeleWorking - mOveUp Labs","robots":{"index":"index","follow":"follow","max-snippet":"max-snippet:-1","max-image-preview":"max-image-preview:large","max-video-preview":"max-video-preview:-1"},"canonical":"https:\/\/moveup.website\/web\/soluciones-colaborativas\/","og_locale":"es_ES","og_type":"article","og_title":"Soluciones Colaborativas y TeleWorking","og_description":"Estrategias de teletrabajo que benefician a empleadores, empleados y sociedad aprovechando la flexibilidad de tiempos, horarios y distancia Soluciones colaborativas Puede continuar gastando en costosas oficinas y espacios de estacionamiento, pagar m\u00e1s para retener al personal valioso y perder ganancias de productividad de hasta un 40% o puede hacer que el trabajo colaborativo y teletrabajo&hellip;Read More","og_url":"https:\/\/moveup.website\/web\/soluciones-colaborativas\/","og_site_name":"mOveUp Labs","article_publisher":"https:\/\/www.facebook.com\/mOveUpLabsPeru","article_modified_time":"2022-09-13T03:31:51+00:00","og_image":[{"url":"https:\/\/moveup.website\/web\/wp-content\/uploads\/2022\/09\/TeleTrabajoOKPNG-682x1024.png"}],"twitter_card":"summary_large_image","twitter_site":"@mOveUpLabs","twitter_misc":{"Est. reading time":"2 minutos"},"schema":{"@context":"https:\/\/schema.org","@graph":[{"@type":"WebPage","@id":"https:\/\/moveup.website\/web\/soluciones-colaborativas\/","url":"https:\/\/moveup.website\/web\/soluciones-colaborativas\/","name":"Soluciones Colaborativas y TeleWorking - mOveUp Labs","isPartOf":{"@id":"https:\/\/moveup.website\/web\/#website"},"primaryImageOfPage":{"@id":"https:\/\/moveup.website\/web\/soluciones-colaborativas\/#primaryimage"},"image":{"@id":"https:\/\/moveup.website\/web\/soluciones-colaborativas\/#primaryimage"},"thumbnailUrl":"https:\/\/moveup.website\/web\/wp-content\/uploads\/2022\/09\/TeleTrabajoOKPNG-682x1024.png","datePublished":"2018-01-15T21:04:53+00:00","dateModified":"2022-09-13T03:31:51+00:00","breadcrumb":{"@id":"https:\/\/moveup.website\/web\/soluciones-colaborativas\/#breadcrumb"},"inLanguage":"es","potentialAction":[{"@type":"ReadAction","target":["https:\/\/moveup.website\/web\/soluciones-colaborativas\/"]}]},{"@type":"ImageObject","inLanguage":"es","@id":"https:\/\/moveup.website\/web\/soluciones-colaborativas\/#primaryimage","url":"https:\/\/moveup.website\/web\/wp-content\/uploads\/2022\/09\/TeleTrabajoOKPNG.png","contentUrl":"https:\/\/moveup.website\/web\/wp-content\/uploads\/2022\/09\/TeleTrabajoOKPNG.png","width":700,"height":1051},{"@type":"BreadcrumbList","@id":"https:\/\/moveup.website\/web\/soluciones-colaborativas\/#breadcrumb","itemListElement":[{"@type":"ListItem","position":1,"name":"Portada","item":"https:\/\/moveup.website\/web\/"},{"@type":"ListItem","position":2,"name":"Soluciones Colaborativas y TeleWorking"}]},{"@type":"WebSite","@id":"https:\/\/moveup.website\/web\/#website","url":"https:\/\/moveup.website\/web\/","name":"mOveUp Labs Learning Hub","description":"Transforma los modelos empresariales, operativos y tecnol\u00f3gicos de nuestros socios y clientes para la era digital","publisher":{"@id":"https:\/\/moveup.website\/web\/#organization"},"potentialAction":[{"@type":"SearchAction","target":{"@type":"EntryPoint","urlTemplate":"https:\/\/moveup.website\/web\/?s={search_term_string}"},"query-input":"required name=search_term_string"}],"inLanguage":"es"},{"@type":"Organization","@id":"https:\/\/moveup.website\/web\/#organization","name":"mOveUp Labs Learning Hub","url":"https:\/\/moveup.website\/web\/","logo":{"@type":"ImageObject","inLanguage":"es","@id":"https:\/\/moveup.website\/web\/#\/schema\/logo\/image\/","url":"https:\/\/moveup.website\/web\/wp-content\/uploads\/2018\/01\/logo-mOveUp.png","contentUrl":"https:\/\/moveup.website\/web\/wp-content\/uploads\/2018\/01\/logo-mOveUp.png","width":235,"height":120,"caption":"mOveUp Labs Learning Hub"},"image":{"@id":"https:\/\/moveup.website\/web\/#\/schema\/logo\/image\/"},"sameAs":["https:\/\/www.facebook.com\/mOveUpLabsPeru","https:\/\/x.com\/mOveUpLabs","https:\/\/www.tiktok.com\/@moveup.labs"]}]}},"_links":{"self":[{"href":"https:\/\/moveup.website\/web\/wp-json\/wp\/v2\/pages\/12"}],"collection":[{"href":"https:\/\/moveup.website\/web\/wp-json\/wp\/v2\/pages"}],"about":[{"href":"https:\/\/moveup.website\/web\/wp-json\/wp\/v2\/types\/page"}],"author":[{"embeddable":true,"href":"https:\/\/moveup.website\/web\/wp-json\/wp\/v2\/users\/1"}],"replies":[{"embeddable":true,"href":"https:\/\/moveup.website\/web\/wp-json\/wp\/v2\/comments?post=12"}],"version-history":[{"count":131,"href":"https:\/\/moveup.website\/web\/wp-json\/wp\/v2\/pages\/12\/revisions"}],"predecessor-version":[{"id":1413,"href":"https:\/\/moveup.website\/web\/wp-json\/wp\/v2\/pages\/12\/revisions\/1413"}],"wp:attachment":[{"href":"https:\/\/moveup.website\/web\/wp-json\/wp\/v2\/media?parent=12"}],"curies":[{"name":"wp","href":"https:\/\/api.w.org\/{rel}","templated":true}]}}